{"id":11,"date":"2015-06-29T09:55:34","date_gmt":"2015-06-29T13:55:34","guid":{"rendered":"https:\/\/apsl.ca\/?page_id=11"},"modified":"2025-09-15T15:31:42","modified_gmt":"2025-09-15T19:31:42","slug":"devenir-membre","status":"publish","type":"page","link":"https:\/\/apsl.ca\/index.php\/devenir-membre\/","title":{"rendered":"Devenir membre"},"content":{"rendered":"<p><strong>C&rsquo;est facile!<\/strong><\/p>\n<p><span class=\"style21\"><span class=\"style54\">La p\u00e9riode active de recrutement se fait<br \/>\nau d\u00e9but du mois de septembre.<\/span><span class=\"style42\"><br \/>\nSi vous d\u00e9sirez plus d&rsquo;informations sur nos activit\u00e9s,\u00a0\u00a0<\/span><\/span><span class=\"style21\"><span class=\"style42\">consultez\u00a0<\/span><\/span><span class=\"style21\"><span class=\"style42\">notre calendrier ou\u00a0<a href=\"https:\/\/apsl.ca\/index.php\/contact\/\">\u00e9crivez-nous<\/a>.<\/span><\/span><\/p>\n<p>Vous pouvez \u00e9galement venir nous rencontrer le mercredi soir \u00e0 18h30 avant le d\u00e9but de nos rencontres hebdomadaires.<\/p>\n<p>Les rencontres se tiennent le mercredi de 19h \u00e0 21h30<br \/>\nAu Centre des loisirs de Saint-Laurent<br \/>\n1375, rue Grenet, Saint-Laurent, QC H4L 5K3, local 231<\/p>\n<p class=\"style20\"><strong>Crit\u00e8res :<\/strong><\/p>\n<ul>\n<li class=\"style48\"><span class=\"style54\">Que vous soyez amateur, d\u00e9butant,<br \/>\nsemi-professionnel ou expert, vous \u00eates<br \/>\nles bienvenus. Notre groupe se cimente<br \/>\nautour de notre d\u00e9sir d&rsquo;apprentissage et<br \/>\nd&rsquo;\u00e9change. Nos connaissances se<br \/>\ntransmettent lors de nos r\u00e9unions,<br \/>\nsorties,\u00a0critiques ponctuelles des<br \/>\nphotographies\u00a0et plus encore<\/span><\/li>\n<li>Chaque membre s&rsquo;implique selon ses<br \/>\nconnaissances et ses attentes<\/li>\n<li>Un sens de l&rsquo;humour et le rire facile<br \/>\nsont un atout suppl\u00e9mentaire afin de<br \/>\nrendre nos \u00e9changes d&rsquo;autant plus agr\u00e9ables.<\/li>\n<li><strong>Un minimum de 18 ans est requis pour \u00eatre membre<\/strong><\/li>\n<\/ul>\n","protected":false},"excerpt":{"rendered":"<p>C&rsquo;est facile! La p\u00e9riode active de recrutement se fait au d\u00e9but du mois de septembre. Si vous d\u00e9sirez plus d&rsquo;informations&hellip; <\/p>\n","protected":false},"author":9,"featured_media":0,"parent":0,"menu_order":0,"comment_status":"closed","ping_status":"open","template":"","meta":{"footnotes":""},"class_list":["post-11","page","type-page","status-publish","hentry"],"jetpack_sharing_enabled":true,"_links":{"self":[{"href":"https:\/\/apsl.ca\/index.php\/wp-json\/wp\/v2\/pages\/11","targetHints":{"allow":["GET"]}}],"collection":[{"href":"https:\/\/apsl.ca\/index.php\/wp-json\/wp\/v2\/pages"}],"about":[{"href":"https:\/\/apsl.ca\/index.php\/wp-json\/wp\/v2\/types\/page"}],"author":[{"embeddable":true,"href":"https:\/\/apsl.ca\/index.php\/wp-json\/wp\/v2\/users\/9"}],"replies":[{"embeddable":true,"href":"https:\/\/apsl.ca\/index.php\/wp-json\/wp\/v2\/comments?post=11"}],"version-history":[{"count":23,"href":"https:\/\/apsl.ca\/index.php\/wp-json\/wp\/v2\/pages\/11\/revisions"}],"predecessor-version":[{"id":3219,"href":"https:\/\/apsl.ca\/index.php\/wp-json\/wp\/v2\/pages\/11\/revisions\/3219"}],"wp:attachment":[{"href":"https:\/\/apsl.ca\/index.php\/wp-json\/wp\/v2\/media?parent=11"}],"curies":[{"name":"wp","href":"https:\/\/api.w.org\/{rel}","templated":true}]}}