{"id":3340,"date":"2025-12-15T14:42:03","date_gmt":"2025-12-15T18:42:03","guid":{"rendered":"https:\/\/apsl.ca\/?post_type=tribe_events&#038;p=3340"},"modified":"2025-12-15T14:42:03","modified_gmt":"2025-12-15T18:42:03","slug":"visioconference-j-f-landry-la-macrophotographie-decortiquee","status":"publish","type":"tribe_events","link":"https:\/\/apsl.ca\/index.php\/event\/visioconference-j-f-landry-la-macrophotographie-decortiquee\/","title":{"rendered":"Visioconf\u00e9rence &#8211; J-F Landry : La macrophotographie D\u00e9cortiqu\u00e9e"},"content":{"rendered":"","protected":false},"excerpt":{"rendered":"","protected":false},"author":9,"featured_media":0,"template":"","meta":{"_tribe_events_status":"","_tribe_events_status_reason":"","footnotes":""},"tags":[],"tribe_events_cat":[],"class_list":["post-3340","tribe_events","type-tribe_events","status-publish","hentry"],"jetpack_sharing_enabled":true,"_links":{"self":[{"href":"https:\/\/apsl.ca\/index.php\/wp-json\/wp\/v2\/tribe_events\/3340","targetHints":{"allow":["GET"]}}],"collection":[{"href":"https:\/\/apsl.ca\/index.php\/wp-json\/wp\/v2\/tribe_events"}],"about":[{"href":"https:\/\/apsl.ca\/index.php\/wp-json\/wp\/v2\/types\/tribe_events"}],"author":[{"embeddable":true,"href":"https:\/\/apsl.ca\/index.php\/wp-json\/wp\/v2\/users\/9"}],"version-history":[{"count":1,"href":"https:\/\/apsl.ca\/index.php\/wp-json\/wp\/v2\/tribe_events\/3340\/revisions"}],"predecessor-version":[{"id":3341,"href":"https:\/\/apsl.ca\/index.php\/wp-json\/wp\/v2\/tribe_events\/3340\/revisions\/3341"}],"wp:attachment":[{"href":"https:\/\/apsl.ca\/index.php\/wp-json\/wp\/v2\/media?parent=3340"}],"wp:term":[{"taxonomy":"post_tag","embeddable":true,"href":"https:\/\/apsl.ca\/index.php\/wp-json\/wp\/v2\/tags?post=3340"},{"taxonomy":"tribe_events_cat","embeddable":true,"href":"https:\/\/apsl.ca\/index.php\/wp-json\/wp\/v2\/tribe_events_cat?post=3340"}],"curies":[{"name":"wp","href":"https:\/\/api.w.org\/{rel}","templated":true}]}}

Visioconférence &#8211; J-F Landry : La macrophotographie Décortiquée
