{"id":3364,"date":"2025-12-15T14:56:45","date_gmt":"2025-12-15T18:56:45","guid":{"rendered":"https:\/\/apsl.ca\/?post_type=tribe_events&#038;p=3364"},"modified":"2026-03-26T12:58:54","modified_gmt":"2026-03-26T16:58:54","slug":"sortie-parc-de-la-nature-de-laval-samedi","status":"publish","type":"tribe_events","link":"https:\/\/apsl.ca\/index.php\/event\/sortie-parc-de-la-nature-de-laval-samedi\/","title":{"rendered":"25 avril (samedi, \u00e0 confirmer) : sortie \u00e0 Montr\u00e9al"},"content":{"rendered":"","protected":false},"excerpt":{"rendered":"","protected":false},"author":9,"featured_media":0,"template":"","meta":{"_tribe_events_status":"","_tribe_events_status_reason":"","footnotes":""},"tags":[],"tribe_events_cat":[],"class_list":["post-3364","tribe_events","type-tribe_events","status-publish","hentry"],"jetpack_sharing_enabled":true,"_links":{"self":[{"href":"https:\/\/apsl.ca\/index.php\/wp-json\/wp\/v2\/tribe_events\/3364","targetHints":{"allow":["GET"]}}],"collection":[{"href":"https:\/\/apsl.ca\/index.php\/wp-json\/wp\/v2\/tribe_events"}],"about":[{"href":"https:\/\/apsl.ca\/index.php\/wp-json\/wp\/v2\/types\/tribe_events"}],"author":[{"embeddable":true,"href":"https:\/\/apsl.ca\/index.php\/wp-json\/wp\/v2\/users\/9"}],"version-history":[{"count":2,"href":"https:\/\/apsl.ca\/index.php\/wp-json\/wp\/v2\/tribe_events\/3364\/revisions"}],"predecessor-version":[{"id":3396,"href":"https:\/\/apsl.ca\/index.php\/wp-json\/wp\/v2\/tribe_events\/3364\/revisions\/3396"}],"wp:attachment":[{"href":"https:\/\/apsl.ca\/index.php\/wp-json\/wp\/v2\/media?parent=3364"}],"wp:term":[{"taxonomy":"post_tag","embeddable":true,"href":"https:\/\/apsl.ca\/index.php\/wp-json\/wp\/v2\/tags?post=3364"},{"taxonomy":"tribe_events_cat","embeddable":true,"href":"https:\/\/apsl.ca\/index.php\/wp-json\/wp\/v2\/tribe_events_cat?post=3364"}],"curies":[{"name":"wp","href":"https:\/\/api.w.org\/{rel}","templated":true}]}}

25 avril (samedi, à confirmer) : sortie à Montréal
